75?
3
Calculate the greatest common divisor of 284 and 4.
4
What is the highest common factor of 611 and 91?
13
What is the highest common divisor of 286 and 11?
11
Calculate the greatest common divisor of 135 and 40.
5
What is the greatest common factor of 115 and 230?
115
Calculate the greatest common divisor of 299 and 46.
23
Calculate the highest common divisor of 2916 and 36.
36
Calculate the highest common divisor of 86 and 12169.
43
What is the highest common divisor of 171 and 38?
19
What is the greatest common factor of 25 and 520?
5
What is the highest common divisor of 15 and 295?
5
What is the greatest common factor of 188 and 141?
47
Calculate the highest common divisor of 84 and 12.
12
Calculate the highest common divisor of 12 and 188.
4
Calculate the highest common divisor of 190 and 6080.
190
Calculate the greatest common factor of 18 and 63.
9
Calculate the highest common factor of 12 and 402.
6
What is the greatest common factor of 204 and 60?
12
What is the greatest common factor of 1528 and 8?
8
What is the greatest common divisor of 28226 and 44?
22
Calculate the greatest common factor of 210 and 6594.
42
What is the highest common divisor of 1008 and 128?
16
Calculate the greatest common divisor of 31 and 2263.
31
What is the greatest common divisor of 32 and 968?
8
What is the greatest common divisor of 10 and 340?
10
What is the highest common factor of 3 and 33?
3
Calculate the highest common divisor of 98 and 266.
14
What is the greatest common divisor of 996 and 60?
12
Calculate the highest common factor of 137 and 13.
1
Calculate the highest common divisor of 210 and 120.
30
What is the greatest common factor of 850 and 136?
34
Calculate the highest common divisor of 12626 and 472.
118
What is the greatest common factor of 458 and 4351?
229
What is the greatest common factor of 9 and 44271?
9
What is the highest common factor of 104 and 1504?
8
What is the greatest common factor of 152 and 16?
8
What is the highest common divisor of 400 and 4640?
80
What is the greatest common factor of 4 and 148?
4
Calculate the highest common factor of 731 and 129.
43
Calculate the highest common divisor of 2712 and 168.
24
What is the highest common factor of 1164 and 192?
12
Calculate the greatest common divisor of 5 and 1285.
5
Calculate the greatest common divisor of 240 and 160.
80
Calculate the highest common divisor of 36 and 9.
9
Calculate the highest common factor of 1233 and 63.
9
What is the greatest common divisor of 2 and 1232?
2
What is the greatest common factor of 2208 and 690?
138
Calculate the greatest common divisor of 11 and 5159.
11
What is the greatest common factor of 59 and 590?
59
What is the highest common divisor of 20 and 530?
10
What is the highest common factor of 187 and 143?
11
What is the greatest common factor of 703 and 74?
37
What is the greatest common factor of 78 and 975?
39
Calculate the greatest common divisor of 72 and 45.
9
Calculate the greatest common factor of 11 and 12991.
11
Calculate the greatest common divisor of 196 and 154.
14
What is the highest common factor of 96 and 56?
8
What is the highest common divisor of 153 and 7182?
9
What is the greatest common divisor of 42 and 48?
6
What is the greatest common divisor of 1281 and 105?
21
Calculate the greatest common factor of 435 and 348.
87
What is the greatest common divisor of 91 and 793?
13
What is the greatest common factor of 13 and 8801?
13
Calculate the greatest common factor of 12 and 708.
12
What is the greatest common factor of 3589 and 291?
97
Calculate the greatest common factor of 133 and 1102.
19
Calculate the highest common factor of 2907 and 19.
19
Calculate the highest common divisor of 22295 and 182.
91
What is the highest common divisor of 234 and 26?
26
What is the highest common factor of 137 and 1?
1
Calculate the highest common divisor of 60 and 240.
60
Calculate the highest common divisor of 280 and 910.
70
What is the highest common divisor of 27 and 70659?
27
Calculate the highest common divisor of 417 and 973.
139
What is the highest common factor of 68 and 510?
34
Calculate the highest common factor of 87 and 232.
29
What is the greatest common factor of 49 and 35?
7
What is the greatest common divisor of 377 and 203?
29
Calculate the highest common factor of 1030 and 110.
10
Calculate the highest common factor of 3016 and 1972.
116
What is the highest common factor of 2880 and 2080?
160
What is the highest common divisor of 388 and 14?
2
What is the highest common factor of 52 and 20?
4
What is the highest common factor of 11111 and 41?
41
Calculate the greatest common factor of 12 and 292.
4
Calculate the greatest common divisor of 6 and 22.
2
Calculate the greatest common factor of 1363 and 551.
29
Calculate the greatest common factor of 319 and 33.
11
What is the highest common divisor of 82097 and 53?
53
Calculate the highest common divisor of 5850 and 300.
150
Calculate the highest common factor of 182 and 41314.
182
Calculate the greatest common divisor of 1334 and 58.
58
What is the greatest common divisor of 72 and 32?
8
What is the highest common divisor of 6123 and 39?
39
Calculate the greatest common divisor of 19 and 10165.
19
What is the highest common divisor of 18 and 38466?
18
Calculate the greatest common divisor of 24 and 168.
24
Calculate the highest common divisor of 34 and 119.
17
Calculate the greatest common divisor of 316 and 25596.
316
What is the greatest common divisor of 345 and 1173?
69
Calculate the highest common factor of 564 and 15933.
141
Calculate the greatest common divisor of 3 and 39.
3
Calculate the greatest common divisor of 134 and 9916.
134
Calculate the greatest common divisor of 480 and 150.
30
Calculate the greatest common divisor of 6 and 1968.
6
What is the greatest common factor of 60639 and 29?
29
What is the greatest common divisor of 14 and 4?
2
Calculate the highest common factor of 270 and 40.
10
Calculate the greatest common factor of 44 and 473.
11
What is the greatest common divisor of 420 and 567?
21
Calculate the greatest common divisor of 1305 and 45.
45
What is the highest common divisor of 188 and 20?
4
Calculate the highest common divisor of 7 and 7.
7
What is the highest common factor of 682 and 22?
22
Calculate the greatest common divisor of 46 and 196.
2
What is the highest common divisor of 34 and 170?
34
What is the highest common divisor of 16618 and 14?
14
What is the highest common divisor of 22 and 110?
22
Calculate the greatest common divisor of 2268 and 28.
28
Calculate the greatest common divisor of 252 and 3852.
36
What is the greatest common divisor of 7266 and 42?
42
What is the highest common divisor of 28 and 224?
28
What is the highest common divisor of 20 and 10?
10
Calculate the greatest common factor of 3078 and 114.
114
What is the highest common divisor of 1384 and 173?
173
Calculate the highest common divisor of 1998 and 60.
6
Calculate the greatest common factor of 6222 and 510.
102
What is the highest common factor of 3 and 180?
3
What is the greatest common factor of 26090 and 10?
10
What is the greatest common factor of 1274 and 26?
26
What is the highest common divisor of 30 and 29445?
15
What is the greatest common divisor of 34 and 170?
34
What is the highest common divisor of 377 and 29?
29
What is the greatest common divisor of 113 and 226?
113
Calculate the greatest common factor of 568 and 24.
8
Calculate the greatest common divisor of 488 and 8.
8
What is the highest common factor of 70 and 1946?
14
Calculate the highest common factor of 648 and 192.
24
What is the greatest common divisor of 312 and 384?
24
Calculate the highest common divisor of 43 and 4601.
43
Calculate the highest common factor of 344 and 301.
43
What is the greatest common divisor of 414 and 36?
18
What is the greatest common divisor of 42 and 294?
42
Calculate the greatest common factor of 985 and 15.
5
Calculate the highest common divisor of 20 and 130.
10
Calculate the greatest common factor of 9776 and 48.
16
What is the greatest common factor of 161 and 138?
23
Calculate the highest common divisor of 324 and 24.
12
What is the greatest common divisor of 5 and 185?
5
Calculate the greatest common factor of 93 and 17112.
93
Ca